{"id":1868,"date":"2024-10-09T08:10:30","date_gmt":"2024-10-09T08:10:30","guid":{"rendered":"https:\/\/measly-edge.localsite.io\/?post_type=product&#038;p=1868"},"modified":"2026-03-08T12:37:50","modified_gmt":"2026-03-08T15:37:50","slug":"windows-10w","status":"publish","type":"product","link":"https:\/\/ititechcbba.com\/?product=windows-10w","title":{"rendered":"Sensor Infrarrojo CNY70"},"content":{"rendered":"<h4><strong>DESCRIPCION.<\/strong><\/h4>\n<div class=\"tab-content \">\n<div id=\"description\" class=\"tab-pane  active  st_open  \" role=\"tabpanel\">\n<div class=\"tab-pane-body\">\n<div class=\"product-description\">\n<div class=\"product_description_container style_content truncate_block st_showless_block_0 truncate_cate_desc_0\">\n<div class=\"st_read_more_box\">\n<div class=\"row\">\n<div class=\"col-md-9\">\n<p>El CNY70 es un sensor \u00f3ptico infrarrojo de corto alcance. El CNY70 tiene una construcci\u00f3n compacta donde la fuente de emisi\u00f3n de luz y el detector est\u00e1n dispuestos en la misma direcci\u00f3n para detectar la presencia de un objeto utilizando el haz de IR de reflexi\u00f3n en el objeto.<\/p>\n<p>Su uso m\u00e1s com\u00fan es para construir robots seguidores de L\u00ednea. Contiene un emisor de radiaci\u00f3n infrarroja (fotodiodo) y un receptor (fototransistor). El fotodiodo emite un haz de radiaci\u00f3n infrarroja, el fototransistor recibe ese haz de luz cuando se refleja sobre alguna superficie u objeto.<\/p>\n<p>Para verificar el funcionamiento del diodo IR se puede utilizar una c\u00e1mara digital como la de cualquier smartphone.<\/p>\n<\/div>\n<\/div>\n<hr \/>\n<div class=\"row\">\n<div class=\"col-md-3\">\n<h4>ESPECIFICACIONES T\u00c9CNICAS<\/h4>\n<\/div>\n<div class=\"col-md-9\">\n<ul>\n<li>Tipo de emisor: Fotodiodo IR<\/li>\n<li>Tipo de detector: fototransistor<\/li>\n<li>Dimensiones (L x W x H en mm): 7*7*6 mm<\/li>\n<li>Distancia de funcionamiento m\u00e1ximo: &lt;0.5 mm<\/li>\n<li>Longitud de onda del emisor: 950 nm<\/li>\n<\/ul>\n<\/div>\n<\/div>\n<\/div>\n<\/div>\n<\/div>\n<\/div>\n<\/div>\n<\/div>\n","protected":false},"excerpt":{"rendered":"<p>DESCRIPCION. El CNY70 es un sensor \u00f3ptico infrarrojo de corto alcance. El CNY70 tiene una construcci\u00f3n compacta donde la fuente de emisi\u00f3n de luz y el detector est\u00e1n dispuestos en la misma direcci\u00f3n para detectar la presencia de un objeto utilizando el haz de IR de reflexi\u00f3n en el objeto. Su uso m\u00e1s com\u00fan es [&hellip;]<\/p>\n","protected":false},"featured_media":7967,"template":"","meta":[],"product_brand":[],"product_cat":[17,18],"product_tag":[],"class_list":{"0":"post-1868","1":"product","2":"type-product","3":"status-publish","4":"has-post-thumbnail","6":"product_cat-promocion","7":"product_cat-robotic","9":"first","10":"outofstock","11":"downloadable","12":"virtual","13":"purchasable","14":"product-type-simple"},"jetpack_sharing_enabled":true,"_links":{"self":[{"href":"https:\/\/ititechcbba.com\/index.php?rest_route=\/wp\/v2\/product\/1868","targetHints":{"allow":["GET"]}}],"collection":[{"href":"https:\/\/ititechcbba.com\/index.php?rest_route=\/wp\/v2\/product"}],"about":[{"href":"https:\/\/ititechcbba.com\/index.php?rest_route=\/wp\/v2\/types\/product"}],"version-history":[{"count":2,"href":"https:\/\/ititechcbba.com\/index.php?rest_route=\/wp\/v2\/product\/1868\/revisions"}],"predecessor-version":[{"id":7968,"href":"https:\/\/ititechcbba.com\/index.php?rest_route=\/wp\/v2\/product\/1868\/revisions\/7968"}],"wp:featuredmedia":[{"embeddable":true,"href":"https:\/\/ititechcbba.com\/index.php?rest_route=\/wp\/v2\/media\/7967"}],"wp:attachment":[{"href":"https:\/\/ititechcbba.com\/index.php?rest_route=%2Fwp%2Fv2%2Fmedia&parent=1868"}],"wp:term":[{"taxonomy":"product_brand","embeddable":true,"href":"https:\/\/ititechcbba.com\/index.php?rest_route=%2Fwp%2Fv2%2Fproduct_brand&post=1868"},{"taxonomy":"product_cat","embeddable":true,"href":"https:\/\/ititechcbba.com\/index.php?rest_route=%2Fwp%2Fv2%2Fproduct_cat&post=1868"},{"taxonomy":"product_tag","embeddable":true,"href":"https:\/\/ititechcbba.com\/index.php?rest_route=%2Fwp%2Fv2%2Fproduct_tag&post=1868"}],"curies":[{"name":"wp","href":"https:\/\/api.w.org\/{rel}","templated":true}]}}