{"id":256,"date":"2024-09-23T11:14:23","date_gmt":"2024-09-23T11:14:23","guid":{"rendered":"http:\/\/wpsitedev.local\/?post_type=product&#038;p=256"},"modified":"2026-03-15T22:41:32","modified_gmt":"2026-03-16T01:41:32","slug":"robotic-rueda","status":"publish","type":"product","link":"https:\/\/ititechcbba.com\/?product=robotic-rueda","title":{"rendered":"Rueda de Goma Color Amarillo"},"content":{"rendered":"<p>Esta llanta esta formada de pl\u00e1stico ABS y goma, tiene un di\u00e1metro de 65 mm con una anchura de 27mm. Los rines est\u00e1n fabricados con pl\u00e1stico resistente y la llanta con hule flexible el cual\u00a0 su banda de rodadura los permite tener la funci\u00f3n de\u00a0 antiderrapante.<\/p>\n<p>Esta llanta de Goma se puede montar a un motorreductor que es ideal para utilizarse en la realizaci\u00f3n de plataformas rob\u00f3ticas. Si estas pensando en construir un robot de sumo, un rob\u00f3t seguidor de l\u00edneas, o cualquier robot con tracci\u00f3n diferencial, esta llanta es \u00fatil para complementar un motorreductor para darle movimiento a tu creaci\u00f3n.<\/p>\n","protected":false},"excerpt":{"rendered":"<h3>Caracter\u00edsticas<\/h3>\n<ul>\n<li>Llanta de Goma para motorreductor<\/li>\n<li>Di\u00e1metro Exterior de Llanta: 65 mm<\/li>\n<li>Di\u00e1metro eje de llanta: 6mm<\/li>\n<li>Excelente tracci\u00f3n sobre una gran variedad de superficies Roca, Tierra, Asfalto entre otras<\/li>\n<li>Motorreductor con eje dual (si no hay existencia se env\u00eda con eje sencillo)<\/li>\n<li>Di\u00e1metro del eje de salida: 5.3 mm aplanado a 3.6<\/li>\n<li>Llanta con di\u00e1metro exterior: 60 mm<\/li>\n<li>Peso: 50 gramos<\/li>\n<\/ul>\n","protected":false},"featured_media":8360,"template":"","meta":[],"product_brand":[],"product_cat":[22],"product_tag":[],"class_list":{"0":"post-256","1":"product","2":"type-product","3":"status-publish","4":"has-post-thumbnail","6":"product_cat-mobile","8":"first","9":"onbackorder","10":"shipping-taxable","11":"purchasable","12":"product-type-simple"},"jetpack_sharing_enabled":true,"_links":{"self":[{"href":"https:\/\/ititechcbba.com\/index.php?rest_route=\/wp\/v2\/product\/256","targetHints":{"allow":["GET"]}}],"collection":[{"href":"https:\/\/ititechcbba.com\/index.php?rest_route=\/wp\/v2\/product"}],"about":[{"href":"https:\/\/ititechcbba.com\/index.php?rest_route=\/wp\/v2\/types\/product"}],"version-history":[{"count":4,"href":"https:\/\/ititechcbba.com\/index.php?rest_route=\/wp\/v2\/product\/256\/revisions"}],"predecessor-version":[{"id":8363,"href":"https:\/\/ititechcbba.com\/index.php?rest_route=\/wp\/v2\/product\/256\/revisions\/8363"}],"wp:featuredmedia":[{"embeddable":true,"href":"https:\/\/ititechcbba.com\/index.php?rest_route=\/wp\/v2\/media\/8360"}],"wp:attachment":[{"href":"https:\/\/ititechcbba.com\/index.php?rest_route=%2Fwp%2Fv2%2Fmedia&parent=256"}],"wp:term":[{"taxonomy":"product_brand","embeddable":true,"href":"https:\/\/ititechcbba.com\/index.php?rest_route=%2Fwp%2Fv2%2Fproduct_brand&post=256"},{"taxonomy":"product_cat","embeddable":true,"href":"https:\/\/ititechcbba.com\/index.php?rest_route=%2Fwp%2Fv2%2Fproduct_cat&post=256"},{"taxonomy":"product_tag","embeddable":true,"href":"https:\/\/ititechcbba.com\/index.php?rest_route=%2Fwp%2Fv2%2Fproduct_tag&post=256"}],"curies":[{"name":"wp","href":"https:\/\/api.w.org\/{rel}","templated":true}]}}